 (0 - 2)?
-7
What is 25 - 29 - (-1 - 1 - 2) - -18?
18
Calculate (-21 - -35) + 0 + (-7 - 2).
5
What is the value of (22 - 28 - (2 - (14 - 1))) + -1?
4
Calculate (26 - 9) + 3 - 6 - (-1 - 2).
17
What is the value of -15 + (7 - 4) - 9?
-21
What is the value of -8 + (-1 + 3 - (39 + -35) - -7)?
-3
What is the value of -5 + -18 + 21 + 21?
19
Calculate 20 - (-24 + -2) - 29.
17
Calculate (1 - (-4 + -2) - (-19 - -8)) + -2.
16
Calculate -9 - (-6 + (-5 - (-9 - -8))) - -2.
3
What is the value of (8 - -7) + -7 - 5 - -8?
11
What is the value of (-38 - (-12 + -4)) + 4?
-18
What is the value of -7 + (-24 - -18 - (-1 + -8))?
-4
What is the value of 3 - (21 + 0 - 42)?
24
Evaluate 23 - (5 + 8 + (-1 - 2)).
13
Evaluate -25 + -9 + 19 - -27.
12
What is 3 - (-2 + -4 - (15 + -20)) - -2?
6
What is -12 + (1 - (-5 + 2)) - -5?
-3
Calculate -38 + 32 - (3 + (-2 + -17 - -3)).
7
What is 14 + -21 + 3 + -3 + 10?
3
What is the value of 9 + -14 + 8 - (24 - 25)?
4
18 - 0 - (-59 - -89)
-12
-5 + 14 + -27 + 35
17
Evaluate 11 + (7 - (4 + 31)).
-17
Evaluate 1 - (2 - -10) - (31 - 41).
-1
What is -12 + (-2 - -10) - 7?
-11
What is -3 - (5 - (0 + 14 + -5))?
1
What is -11 + 30 + 5 + -17?
7
Evaluate (-3 - -1) + -2 + (3 - 3).
-4
What is (-3 - (5 - 7)) + (-1 - -2)?
0
26 + 4 + -11 + -1 + (-8 - -2)
12
Calculate 2 + 3 + -9 + 3 + -9.
-10
What is 38 + -32 + -35 + 5 + 0 + -1?
-25
What is -3 - (-3 + -3 + -2 + (18 - -4))?
-17
What is 7 - (-1 - -5 - (-10 - -19))?
12
What is the value of 2 + 0 + (14 - (2 - -14)) + 14?
14
Evaluate 8 - (882 + -911 + (-1 - -1) + -3).
40
What is -14 + 19 + -8 - 9?
-12
What is -33 + 1 + (-103 - -98) - -6?
-31
Evaluate 71 - 102 - (-3 + -34).
6
Calculate 20 + 12 + (-13 - (-5 + 7)).
17
What is 1 + -14 + 20 - (0 - 6)?
13
What is the value of 7 + (154 - 164) + 1 + -2 + -3?
-7
What is -25 + -1 - (-1151 + 1152)?
-27
-194 + 205 + -11 + 2 + (7 - 7)
2
Evaluate -3 + (-2 - -18 - (10 + -2)).
5
Calculate -41 + 51 - (2 - -26).
-18
Evaluate 1830 + -1815 + 2 + -2 + 2.
17
Calculate 1 + -14 - ((10 - 12) + -1).
-10
Calculate 1 - 1 - (-137 - -126).
11
Calculate 1 + 5 + (-8 - (-9 + 10)).
-3
Evaluate -27 - (13 + (8 - 33)).
-15
Calculate 3 + -10 + (-10 + 12 + -16 - -18).
-3
Evaluate (-24 - -6) + (19 - (27 - 0)).
-26
What is -10 + -168 + 172 + -7 + 0?
-13
(71 - (2 + 66)) + -25 + -1
-23
-18 + -2 - ((-5 - -6 - 2) + -5)
-14
(-60 - (-47 - -25)) + (6 - -1)
-31
Evaluate 7 - (-4 - (-11 - -12) - -5).
7
Calculate 49 + -9 + (-4 - 29).
7
What is the value of -14 + 1 + (42 - (49 - 9))?
-11
What is the value of 24 + (13 - -34) + -47?
24
Evaluate -19 - (-13 - (-37 + 9)).
-34
What is -17 + (-4 + 5 - -27) + -16?
-5
What is the value of 6 - (11 - 13) - 6?
2
Evaluate -25 + (1 - 1 - (22 - 29)).
-18
Evaluate -3 + 4 - (-12 - -15 - 16).
14
Calculate -4 - (-2 + -1) - (1 + 0 + -17).
15
Evaluate 4 + (-6 - (-6 - (-18 + 10))).
-4
What is the value of -35 + 6 + 2 - (10 + -21)?
-16
Evaluate 3 - (10 + -3) - (-12 + (16 - 0)).
-8
What is 18 - (17 + -41 + 26)?
16
Evaluate (1 - 0) + 1 + -5 + -2197 + 2177.
-23
What is (9 - 3) + (7 - (-4 - -6)) + -5?
6
What is (-11 - 0) + -327 + 312?
-26
Calculate 40 + -11 - (2 + 0) - (157 - 158).
28
What is (6 - 9 - 3 - -4) + -4?
-6
What is -5 + -2 + 14 - 3 - (-5 + 36)?
-27
What is the value of -29 - (-35 - (-37 + 24))?
-7
Calculate 1 + (4 - -11) + 36 + -44.
8
What is -1 - 6 - (3 - 1 - (-51 + 65))?
5
What is -48 + (106 - 81 - (-1 - -14))?
-36
What is -6 - (-31 + (2 - 4) + (-26 - -37))?
16
What is (-9 + 5 - -5) + (-4 - 0)?
-3
What is the value of -8 + 1 + (-1 - -12) + -24 + 12?
-8
Evaluate 24 + 13 + -25 + -2.
10
Calculate -9 + (0 - 2) + (3 - (6 - 9)).
-5
-14 + (16 - 21) - -35
16
What is the value of -12 + 0 + -100 + 115?
3
Evaluate 20 - (9 + -10 - (-13 - -2)).
10
What is the value of (1 - -4) + (-12 - -29) + -1 + -15?
6
What is 30 + -101 + 29 + 3?
-39
What is -51 - (-74 + 13) - (0 + 1 - -14)?
-5
Evaluate 30 + 38 + -66 + (-20 - (-4 - -2)).
-16
What is the value of -36 + (18 - 5) + 39?
16
What is the value of -10 - (-3 - (-13 - -7))?
-13
What is 4 - ((8 - 0 - 1) + 3) - -16?
10
-7 + 16 - (4 - (-9 - -11))
7
Evaluate 22 + (-3 - -2 - -12 - (669 - 668)).
32
What is the value of (-7 - 1) + (22 - 15 - 17)?
-18
What is the value of (17 + -14 - 13) + 0 + 2?
-8
What is (-36 - -46 - -21) + -31?
0
What is -12 + (-4 - (-14 + 24)) - (1 - 11)?
-16
-7 + -5 + 10 - (11 - 3 - 4)
-6
What is the value of 14 - (28 - 13 - 8)?
7
What is the value of -7 - ((-10 - -1 - -8) + -7)?
1
What is -7 + (-3 - -18) + 4 + 19 + -21?
10
What is 5 + -10 + -7 + 10?
-2
Evaluate 1 + -6 + 8 + -7 + -4 - -2.
-6
What is (35 - (102 - 11)) + 40?
-16
Calculate -4 + 49 + -44 + (0 - -8).
9
Evaluate -7 - -9 - (26 + -39).
15
What is 1 + 2 + -81 + 56 + 40?
18
What is -352 + 374 - (37 - -1)?
-16
Calculate (2 + 0 - (-15 - -23) - 5) + 4.
-7
41 + (141 + -134 - (12 + (0 - 1)))
37
Calculate -362 - -371 - ((2 - -12) + 0).
-5
-9 + 12 + -15 + 10 + 9
7
What is (2 - -3) + -16 + 10 + -5?
-6
What is the value of (7 - (1 + -14)) + (0 - 9)?
11
Evaluate (0 - 9) + (1 - -4 - -1).
-3
-460 + 464 + 0 + -2
2
(5 - -13) + -22 - (-4 + 6 + -2)
-4
-1 - -4 - (26 + 3 + -23)
-3
23 + -13 + (-8 - (-32 + 13))
21
Evaluate -11 + (1 - -1 - -3) + 1.
-5
58 - (29 - -22) - (0 - (0 - -1))
8
Calculate (-7 - (1 + -1)) + -2 + 2 + -5.
-12
Calculate 1 - (-18 + 23) - -23.
19
What is the value of -20 + (8 - (-14 + 18))?
-16
23 + 24 + -53 + 21 - (11 - 1)
5
Evaluate -32 - (0 + -21 + 7) - 9.
-27
-53 + (34 - (17 - -1) - -2)
-35
What is -6 + 8 + (16 - 8) + -9 + -1?
0
Evaluate 13 + -15 + 6 - 11.
-7
Evaluate -8 + (8 - (12 - -12) - -6).
-18
Calculate (44 - 29 - 18) + (-2 - -26).
21
-7 + (-4 - -5) + 1 + 2
-3
-13 - (-8 + -4 + 3)
-4
Evaluate -6 + (5 - -3 - 3) + 5 + 6.
10
What is the value of 23 + 3 - (-11 - (-13 - 8))?
16
Calculate -3 - -2 - 0 - (-9 + 10 + 1).
-3
Evaluate 7 + (-15 - 3) + 10.
-1
Evaluate -21 + 3 + 35 - 28.
-11
Evaluate 0 + 1 + -4 + 5 - (-8 + 4).
6
What is 132 - 130 - ((2 - -2) + (-6 - -3))?
1
Calculate 4 + (11 - (7 + 10)).
-2
Calculate -37 - (43 + -21 + -69).
10
Calculate -2 - (1 + (-4 - (-14 + 6) - 0)).
-7
-14 - (32 - 29) - -32
15
What is 1 + -4 + -1 + 6 + -10?
-8
-6 - (7 - (-17 - -33))
3
What is 9 + -1 + -3 + 11 + 4?
20
What is -49 + 46 + -8 + 1 + (17 - -4)?
11
What is the value of -34 + 2 + 7 + -2 + 1 + 1?
-25
Calculate -4549 + 4542 - (1 + -16 + 1 + -1).
8
Evaluate 1 + 1 - (71 - (18 + 67)).
16
What is the value of 12 - (-25 + (-13 - -27))?
23
What is 8 + -9 + 6 + -1 + -2 - 1?
1
What is the value of -3 - 17 - (-17 + 6)?
-9
What is the value of (-13 - (0 + 1)) + 7 - -1 - 1?
-7
What is the value of 18 - (-3 - -8) - (10 + -11)?
14
What is the value of -45 - ((-67 - -41) + 13)?
-32
What is -23 - 1 - (-4 - -2)?
-22
Evaluate -1 + 10 + -14 + 1 + (-7 - 1).
-12
What is the value of -5 + (-4 + 14 - 5) - 7 - 6?
-13
-8 - (-13 + (3 - -9 - 4))
-3
What is the value of 1 - 2 - (4 + -6 + -3)?
4
What is the value of (-35 - -28) + -18 - -3?
-22
Evaluate 33 - (48 + -8) - (-23 - -2 - -2).
12
Evaluate 7 + -5 - (-45 + (-11 - (8 - 31))).
35
Evaluate (8 + 0 - 10) + 9.
7
What is the value of 15 + (2 - 27) - (-2 + -17)?
9
-8 + (-19 - -11) + -17 + -1 + 4
-30
(2 - 1) + (6 - 3) - (28 + -27)
3
Calculate (-68 - -69 - ((-5 - -8) + -2)) + 4.
4
Calculate (6 - -17) + -22 - (1 - -3).
-3
Evaluate -28 + 11 + 24 - -10.
17
(-19 - (-7 + -13)) + (-10 - 0) - -25
16
(-65 - -63) + (0 - (2 + -1)) + 8
5
(5 - (-10 - (-12 - 6))) + -11
-14
What is -7 - ((8 - 4 - 11) + 1)?
-1
What is the value of -18 - (21 - (71 - 18))?
14
912 + -909 + (0 - (2 + 0)) + 16
17
What is -8 + 1 - (14 - (-10 - -6 - -3))?
-22
Evaluate -167 + 202 - (29 + 5).
1
What is the value of -17 + -4 + (-1 - ((8 - 14) + -5))?
-11
40 + -38 + -5 + -1 + 4 + -5
-5
What is 12 - (2 - (7 - 17))?
0
Calculate -10 - (0 + -3 + 2 + -7).
-2
What is 1 + -39 + (1051 - 1038)?
-25
What is the value of 10 + -7 + -10 + 3 + -29?
-33
Evaluate (-14 - -24) + 6 - 19.
-3
Calculate -20 + 34 + (1 - 16).
-1
Calculate 88 + -68 + -6 + 14 + -27.
1
Evaluate -37 - -28 - (-30 - -9).
12
(-10 - (35 + -20)) + 27
2
Evaluate 1 + (-6 - 4 - 4) + -1.
-14
Calculate 1 - (-8 - (10 - (-5 + 3))).
21
What is the value of 10 + (9 - 8) + -40 - -12?
-17
What is (-4 + 1 + 3 - 1) + (-1 - 1)?
-3
Calculate (0 - -22) + (19 - (6 + 3)) + -18.
14
Evaluate (-8 - -51 - 11 - 17) + -4.
11
Evaluate 0 + -2 + -4 - (-23 + 6).
11
What is the value